.
3
Let q = 309 - 280. What is the remainder when q is divided by 13?
3
Let d(x) = -x**3 - 5*x**2 - 2*x - 2. Let t be d(-5). Suppose 148 - t = n. Suppose 3*i - n = -2*i. What is the remainder when i is divided by 10?
8
Let q = 272 + -232. Calculate the remainder when 196 is divided by q.
36
Calculate the remainder when 41 is divided by (-4 - 3) + 12 + -1.
1
Let g be -9 + 3 - 3/(-1). Let o be (0/(2 + g))/2. Suppose 0 = -o*b - b + 32. What is the remainder when b is divided by 11?
10
Let i(f) = -f**3 + 9*f**2 - 9*f - 10. Let z be i(7). Suppose -z*w - 10 = -30*w. What is the remainder when 7 is divided by w?
1
Let w(f) = 6*f + 38. Calculate the remainder when w(31) is divided by 25.
24
Suppose 262 = 5*v - z, -v - 5*z - 62 = -2*v. Suppose 2*u + f - 40 = 0, 2*u - 106 = -3*u - 4*f. What is the remainder when 44 is divided by v/6 + 6/u?
8
Let x(n) = -n - 10. Let b be x(-13). Suppose 3*h - b - 24 = 0. Suppose h*i - 4*i - 35 = 0. Calculate the remainder when 12 is divided by i.
5
Let r = -184 - -282. Let m = 165 - r. Let h = m - 44. What is the remainder when h is divided by 6?
5
Suppose 5*i = -2*m + 6*m + 34, 0 = 3*i - 5*m - 23. Suppose 94 = i*o + 4. What is the remainder when o is divided by 5?
0
Let c be 14/(-56) - (-26)/8. Suppose 4*r + 137 = 3*d, c*d = 5*d + 4*r - 78. Let x = 5 + 18. Calculate the remainder when d is divided by x.
20
Let c = 4 - 3. Calculate the remainder when (-3 - -12)/(((-1)/c)/(-3)) is divided by 10.
7
Suppose -4*r + 12 = 2*a, 0*r = -a + r - 3. Suppose a = -3*v + 13 + 173. Calculate the remainder when v is divided by 7.
6
Let l(f) = -f**3 - 18*f**2 - 36*f - 8. What is the remainder when 274 is divided by l(-16)?
50
Let n(t) = 5*t**2 + 5*t - 54. Let d be n(5). Suppose 3*f + u - 2*u = d, -3*f + 81 = 4*u. Calculate the remainder when f is divided by 16.
15
Suppose -m - 4*m = 4*o - 130, 2*m - 5*o = 52. What is the remainder when ((-42)/(-8))/(-7)*-100 is divided by m?
23
Let k = -84 + 45. Let y = -29 - k. What is the remainder when 39 is divided by y?
9
Let c(o) = 4*o**2 + 9*o + 35*o**3 - 34*o**3 - 7 - 9*o**2. What is the remainder when 62 is divided by c(4)?
10
Suppose z - 2*z = -3*p - 17, -5*z + 66 = 4*p. What is the remainder when 109 is divided by z?
11
Let v = 16 + -11. Suppose 836 = 41*s + 139. Calculate the remainder when s is divided by v.
2
Let g(j) = j**2 + j + 25. Let l be g(0). Suppose -17*r + 12*r = -l. Suppose r*z - 18 = 3*z. What is the remainder when 23 is divided by z?
5
Let y(p) = -4*p**2 + 3*p. Let g(f) = f**2 + f. Let n(m) = -3*g(m) - y(m). Calculate the remainder when 27 is divided by n(7).
6
Let g = -42 - -96. What is the remainder when 483 is divided by g?
51
Suppose -4*r + 92 = -184. Suppose 0 = 18*f - 21*f + r. Suppose 5*g - 6*g + 6 = 0. Calculate the remainder when f is divided by g.
5
Suppose 4*a - 47 - 53 = 0. Let c be (450/21 - (-6)/(-14)) + 1. Let u = c - 13. Calculate the remainder when a is divided by u.
7
Let x = 18 + -15. Suppose 4*p = x*p + 14. Suppose 5*v = -d - 14, 4*d - p = -d - 4*v. What is the remainder when d is divided by 4?
2
Let u(k) = k - 2. Let z be u(6). Suppose -4*o + z*h + 4 = -8, 5*h = -5. Suppose -120 = -o*i + 16. What is the remainder when i is divided by 23?
22
Let h(m) = -m**2 + 6*m + 7. Let a be h(5). Let f be (a/(-9))/((-3)/(-9)). Let z(l) = -l**2 - 6*l - 6. Calculate the remainder when 3 is divided by z(f).
1
Let r = 4 - 3. Suppose 0 = -12*i + 10*i - 6. What is the remainder when (r + i)*(-62)/4 is divided by 11?
9
Suppose -4*p + p = 18, 5*k = -3*p + 1062. Suppose -5*l = -10, -3*w - 2*w = 3*l - 281. Calculate the remainder when k is divided by w.
51
Suppose 0 = 3*m - 3*u - 51, 2*m - 31 = -0*u + u. Let h be -1 + 2 + 0 + 112. Suppose -4*p + h = -99. Calculate the remainder when p is divided by m.
11
Suppose -p + 2*p = c - 8, 3*c = 2*p + 15. Let w = p + 12. What is the remainder when 6 is divided by w?
0
Suppose 55 = 4*h - 57. Let k = -49 + -156. Let a = k + 314. Calculate the remainder when a is divided by h.
25
Let l(f) = -f**3 - 3*f**2 + 4*f + 2. Let v be l(-4). Let j(t) = t - t**2 - 1 - 14*t**3 - 8*t**2 + 7*t**v. Calculate the remainder when j(-2) is divided by 26.
23
Suppose -42 = -37*i - 2 + 71. Let n(s) = -s**3 + 3*s**2 - 2. Calculate the remainder when i is divided by n(2).
1
Suppose 6 = 4*t - 10. Suppose 0 = -i + 3*x + 5, 2*i - t*i + 4*x = -8. Calculate the remainder when 4 is divided by i.
0
Suppose s - 39 = -27. Calculate the remainder when 189 is divided by (-2)/(-8)*155 - s/16.
37
Let h(b) = -26*b - 965. Calculate the remainder when 321 is divided by h(-38).
22
Let j = 10 + 21. Calculate the remainder when 31 is divided by j - 13 - (2 + 0).
15
Let p = -386 - -418. What is the remainder when 90 is divided by p?
26
Let a be 6 + -7 - (-4 + 1). Let y be 3/a*4 + -4. What is the remainder when 21 is divided by 15 - (y - 11)/(-3)?
9
Let w = 14 - 12. Suppose 3*t - w*t = -2*d - 4, d = -3. Suppose -14 = -t*b + 14. Calculate the remainder when 55 is divided by b.
13
Suppose -2*a - 3*x = -62, 0 = -a - 4*x + 12 + 19. Let l be ((-4)/(-6))/((-11)/(-792)). Let k = l + -40. What is the remainder when a is divided by k?
7
Suppose 12*t = 17*t - 165. Suppose 2*c - t = 5*s, -7*c + 105 = -2*c - 5*s. Suppose 41 - 5 = 4*z. Calculate the remainder when c is divided by z.
6
Let z(y) = y**3 + 3*y**2 - 3*y - 4. Let i be z(-4). Let o(d) = -4*d + 7. What is the remainder when 152 is divided by o(i)?
35
Suppose -5*n - 2*j + 66 = 0, n + 2*j = 9 + 9. What is the remainder when 130 is divided by n?
10
Suppose t - 5*i = 38, 0 = -3*t - 0*t + 4*i + 103. Let g = 7 + -5. What is the remainder when (19/g + -3)*20 is divided by t?
31
Suppose 0 = -6*y + 429 - 51. Let j be 75/7 + 18/y. Let w = j + 14. What is the remainder when 72 is divided by w?
22
Let u = 339 - 246. What is the remainder when u is divided by 37?
19
Let y be 4/(-12)*(-41 - 20/5). Let g(a) = -a**3 + 15*a**2 + 11. What is the remainder when 41 is divided by g(y)?
8
Let t be (-6)/(-4) - (-6)/12. Let c be t + (-3)/6*4. Suppose 0 = -c*f + 2*f - 6. Calculate the remainder when 11 is divided by f.
2
Let l(i) = 11*i + 106. What is the remainder when l(0) is divided by 6?
4
Suppose 9 = 3*n + o - 3*o, -5*o + 20 = n. Suppose n*u = 2*h - 36, u + u = 5*h - 132. Calculate the remainder when (12/(-8))/((-2)/108) is divided by h.
25
Calculate the remainder when (((-7105)/14)/29)/((-2)/16) is divided by 67.
6
Let m be (-3 - (2 + -4))*(-216 + 30). Suppose -4*q + m = 2*q. What is the remainder when 122 is divided by q?
29
Let a = 660 + -631. Calculate the remainder when 106 is divided by a.
19
Suppose a + 16 = 17. Let f(m) = -3*m + 3. Let k be f(2). Let b = -1 - k. Calculate the remainder when b is divided by a.
0
Let t = 139 - 136. Let o(k) = k**2 + 6*k + 7. Let z(g) = -5*g**2 - 30*g - 34. Let q(h) = 11*o(h) + 2*z(h). What is the remainder when q(-6) is divided by t?
0
Let n be -1*4 - 216/(-8). Let r = n + -21. Suppose g + 5*o + 13 = -3*g, -19 = 2*g + 5*o. Calculate the remainder when g is divided by r.
1
Suppose -99*b + 6237 + 5346 = 0. What is the remainder when 121 is divided by b?
4
Let r(t) = -t**3 - 2*t**2 - 6*t - 6. Let y be r(-4). Let n = -36 + y. What is the remainder when 52 is divided by n?
10
Calculate the remainder when 100010/584 - (1 + (-6)/8) is divided by 72.
27
Let j be (-10)/20 - (-22)/(-4). Let p(y) = y**2 + 4*y - 15. Let t be p(j). What is the remainder when 21 is divided by 5/(-5) - (-4 + t)?
3
What is the remainder when 4/(-24) - (-849)/18 is divided by 27?
20
Let x be (-134)/((-3)/(-6)*1). Calculate the remainder when (-6)/15 + x/(-20) is divided by 7.
6
Let x = 115 + -80. Suppose 5*a - 4*b = 71, -2*b = 3*a - 41 - 6. Let l = a - -4. Calculate the remainder when x is divided by l.
16
Suppose -5*g - 493 = -22*g. Calculate the remainder when 80 is divided by g.
22
Suppose -8*w + 269 = 5*m - 7*w, 3*m - 2*w - 151 = 0. What is the remainder when 264 is divided by m?
52
Let o = -27 - -194. Calculate the remainder when o is divided by 22.
13
Suppose 13*c - 32*c + 29621 = 0. What is the remainder when c is divided by 65?
64
Let l be 3 + (0 + -2 - 10). Let m = l + 13. What is the remainder when 17 is divided by (-30)/m*(-54)/45?
8
Suppose -201 = -5*c + 134. Suppose 3*k + 0*u + c = 2*u, -2*k + 3*u = 38. Let v = k + 43. What is the remaind